{"id":69,"date":"2020-01-27T08:05:29","date_gmt":"2020-01-27T08:05:29","guid":{"rendered":"https:\/\/demosites.io\/web-agency-gb\/?page_id=69"},"modified":"2022-03-29T19:54:28","modified_gmt":"2022-03-29T22:54:28","slug":"produtos","status":"publish","type":"page","link":"https:\/\/fattoembalagens.com\/index.php\/produtos\/","title":{"rendered":"Produtos"},"content":{"rendered":"\n<div class=\"wp-block-cover alignfull\" style=\"min-height:300px\"><span aria-hidden=\"true\" class=\"has-nv-site-bg-background-color has-background-dim-100 wp-block-cover__gradient-background has-background-dim\"><\/span><div class=\"wp-block-cover__inner-container\">\n<div class=\"wp-container-1 wp-block-group\"><div class=\"wp-block-group__inner-container\">\n<h1 class=\"has-text-align-left has-neve-text-color-color has-text-color\">Nossos Produtos<\/h1>\n<\/div><\/div>\n<\/div><\/div>\n\n\n\n<div class=\"wp-block-cover alignfull\" style=\"min-height:600px\"><span aria-hidden=\"true\" class=\"has-nv-light-bg-background-color has-background-dim-100 wp-block-cover__gradient-background has-background-dim\"><\/span><div class=\"wp-block-cover__inner-container\">\n<div class=\"wp-container-3 wp-block-group\"><div class=\"wp-block-group__inner-container\">\n<div class=\"wp-container-2 wp-block-group\"><div class=\"wp-block-group__inner-container\">\n<div class=\"wp-block-columns\">\n<div class=\"wp-block-column\">\n<div class=\"wp-block-image\"><figure class=\"aligncenter size-full is-resized\"><img loading=\"lazy\" src=\"https:\/\/fattoembalagens.com\/wp-content\/uploads\/2022\/03\/Lona-1.jpg\" alt=\"\" class=\"wp-image-304\" width=\"471\" height=\"402\" srcset=\"https:\/\/fattoembalagens.com\/wp-content\/uploads\/2022\/03\/Lona-1.jpg 828w, https:\/\/fattoembalagens.com\/wp-content\/uploads\/2022\/03\/Lona-1-300x257.jpg 300w, https:\/\/fattoembalagens.com\/wp-content\/uploads\/2022\/03\/Lona-1-768x657.jpg 768w\" sizes=\"(max-width: 471px) 100vw, 471px\" \/><\/figure><\/div>\n\n\n\n<h3 class=\"has-text-align-center has-neve-link-color-color has-text-color\">Lonas Pl\u00e1sticas<\/h3>\n\n\n\n<p class=\"has-text-align-center has-neve-link-color-color has-text-color\">Tudo para proteger seu ambiente ou produtos<\/p>\n\n\n\n<p class=\"has-text-align-center has-neve-link-color-color has-text-color\"><em>Prote\u00e7\u00e3o contra chuva<br>Cobertura de materiais<br>Prote\u00e7\u00e3o de pisos<br>Prote\u00e7\u00e3o na reforma<br>Forra\u00e7\u00e3o de materiais<\/em><\/p>\n<\/div>\n<\/div>\n<\/div><\/div>\n\n\n\n<hr class=\"wp-block-separator has-text-color has-background has-neve-link-color-background-color has-neve-link-color-color is-style-default\"\/>\n\n\n\n<div class=\"wp-block-image\"><figure class=\"aligncenter size-large is-resized\"><img loading=\"lazy\" src=\"http:\/\/fattoembalagens.com\/wp-content\/uploads\/2021\/03\/pexels-juan-pablo-serrano-arenas-1549528-1024x683.jpg\" alt=\"\" class=\"wp-image-279\" width=\"512\" height=\"342\" srcset=\"https:\/\/fattoembalagens.com\/wp-content\/uploads\/2021\/03\/pexels-juan-pablo-serrano-arenas-1549528-1024x683.jpg 1024w, https:\/\/fattoembalagens.com\/wp-content\/uploads\/2021\/03\/pexels-juan-pablo-serrano-arenas-1549528-300x200.jpg 300w, https:\/\/fattoembalagens.com\/wp-content\/uploads\/2021\/03\/pexels-juan-pablo-serrano-arenas-1549528-768x512.jpg 768w, https:\/\/fattoembalagens.com\/wp-content\/uploads\/2021\/03\/pexels-juan-pablo-serrano-arenas-1549528-1536x1024.jpg 1536w, https:\/\/fattoembalagens.com\/wp-content\/uploads\/2021\/03\/pexels-juan-pablo-serrano-arenas-1549528-930x620.jpg 930w, https:\/\/fattoembalagens.com\/wp-content\/uploads\/2021\/03\/pexels-juan-pablo-serrano-arenas-1549528.jpg 1920w\" sizes=\"(max-width: 512px) 100vw, 512px\" \/><\/figure><\/div>\n\n\n\n<h3 class=\"has-text-align-center\">Sacolas Pl\u00e1sticas<\/h3>\n\n\n\n<p class=\"has-text-align-center has-neve-link-color-color has-text-color\">Sacolas pl\u00e1sticas reciclada, sanfonadas nas laterais tipo camiseta, para usos diversos.<br>Cores Diversificadas (Conforme pedido)<\/p>\n\n\n\n<figure class=\"wp-block-table is-style-stripes\"><table class=\"has-neve-link-color-color has-text-color has-fixed-layout\"><tbody><tr><td class=\"has-text-align-center\" data-align=\"center\"><strong>Tamanho LL x AA<br>(largura x altura)<\/strong><\/td><td class=\"has-text-align-center\" data-align=\"center\"><strong>Espessura<br>(mm)<\/strong><\/td><td class=\"has-text-align-center\" data-align=\"center\"><strong>Quantidade<br>(por Kg aprox.)<\/strong><\/td><\/tr><tr><td class=\"has-text-align-center\" data-align=\"center\">30&#215;40 mm<\/td><td class=\"has-text-align-center\" data-align=\"center\">0,05 mm<\/td><td class=\"has-text-align-center\" data-align=\"center\">180 unidades<\/td><\/tr><tr><td class=\"has-text-align-center\" data-align=\"center\">35&#215;45 mm<\/td><td class=\"has-text-align-center\" data-align=\"center\">0,05 mm<\/td><td class=\"has-text-align-center\" data-align=\"center\">140 unidades<\/td><\/tr><tr><td class=\"has-text-align-center\" data-align=\"center\">40&#215;50 mm<\/td><td class=\"has-text-align-center\" data-align=\"center\">0,06 mm<\/td><td class=\"has-text-align-center\" data-align=\"center\">100 unidades<\/td><\/tr><tr><td class=\"has-text-align-center\" data-align=\"center\">45&#215;60 mm<\/td><td class=\"has-text-align-center\" data-align=\"center\">0,07 mm<\/td><td class=\"has-text-align-center\" data-align=\"center\">60 unidades<\/td><\/tr><tr><td class=\"has-text-align-center\" data-align=\"center\">50&#215;70 mm<\/td><td class=\"has-text-align-center\" data-align=\"center\">0,08 mm<\/td><td class=\"has-text-align-center\" data-align=\"center\">44 unidades<\/td><\/tr><tr><td class=\"has-text-align-center\" data-align=\"center\">65&#215;80 mm<\/td><td class=\"has-text-align-center\" data-align=\"center\">0,10 mm<\/td><td class=\"has-text-align-center\" data-align=\"center\">26 unidades<\/td><\/tr><tr><td class=\"has-text-align-center\" data-align=\"center\">70&#215;90 mm<\/td><td class=\"has-text-align-center\" data-align=\"center\">0,12 mm<\/td><td class=\"has-text-align-center\" data-align=\"center\">20 unidades<\/td><\/tr><tr><td class=\"has-text-align-center\" data-align=\"center\">90&#215;100 mm<\/td><td class=\"has-text-align-center\" data-align=\"center\">0,13 mm<\/td><td class=\"has-text-align-center\" data-align=\"center\">12 unidades<\/td><\/tr><\/tbody><\/table><\/figure>\n\n\n\n<p class=\"has-text-align-center has-neve-link-color-color has-text-color\">Podendo sofrer varia\u00e7\u00f5es em medidas e pesos para mais ou para menos devido ao processo de fabrica\u00e7\u00e3o.<\/p>\n\n\n\n<hr class=\"wp-block-separator has-text-color has-background has-neve-link-color-background-color has-neve-link-color-color\"\/>\n\n\n\n<div class=\"wp-block-image\"><figure class=\"aligncenter size-large is-resized\"><img loading=\"lazy\" src=\"http:\/\/fattoembalagens.com\/wp-content\/uploads\/2021\/03\/pexels-anna-shvets-5029862-1024x683.jpg\" alt=\"\" class=\"wp-image-281\" width=\"512\" height=\"342\" srcset=\"https:\/\/fattoembalagens.com\/wp-content\/uploads\/2021\/03\/pexels-anna-shvets-5029862-1024x683.jpg 1024w, https:\/\/fattoembalagens.com\/wp-content\/uploads\/2021\/03\/pexels-anna-shvets-5029862-300x200.jpg 300w, https:\/\/fattoembalagens.com\/wp-content\/uploads\/2021\/03\/pexels-anna-shvets-5029862-768x512.jpg 768w, https:\/\/fattoembalagens.com\/wp-content\/uploads\/2021\/03\/pexels-anna-shvets-5029862-1536x1024.jpg 1536w, https:\/\/fattoembalagens.com\/wp-content\/uploads\/2021\/03\/pexels-anna-shvets-5029862-2048x1365.jpg 2048w, https:\/\/fattoembalagens.com\/wp-content\/uploads\/2021\/03\/pexels-anna-shvets-5029862-930x620.jpg 930w\" sizes=\"(max-width: 512px) 100vw, 512px\" \/><\/figure><\/div>\n\n\n\n<h3 class=\"has-text-align-center has-neve-link-color-color has-text-color\">Sacos para Lixo Comum P100<\/h3>\n\n\n\n<p class=\"has-text-align-center has-neve-link-color-color has-text-color\">Sacos para lixo sanfonado nas laterais, de uso comercial, residencial e escrit\u00f3rio, fabricado em polietileno reciclado em cores variados, pacotes com 100 unidades com peso variados conforme tamanho. Padr\u00e3o preto (fabricamos todas as cores sob consulta).<\/p>\n\n\n\n<figure class=\"wp-block-table is-style-stripes\"><table class=\"has-neve-link-color-color has-text-color has-fixed-layout\"><tbody><tr><td class=\"has-text-align-center\" data-align=\"center\"><strong>Litragem<\/strong><\/td><td class=\"has-text-align-center\" data-align=\"center\"><strong>Largura<\/strong><br>(Boca Aberta)<\/td><td class=\"has-text-align-center\" data-align=\"center\"><strong>Altura<\/strong><br>(Cm)<\/td><td class=\"has-text-align-center\" data-align=\"center\"><strong>Espessura<\/strong><br>(mm\/m\u00e9dia)<\/td><td class=\"has-text-align-center\" data-align=\"center\"><strong>Peso Aproximado<\/strong><br>(Pct com 100 unidades\/kg)<\/td><\/tr><tr><td class=\"has-text-align-center\" data-align=\"center\">20 Litros<\/td><td class=\"has-text-align-center\" data-align=\"center\">45 cm<\/td><td class=\"has-text-align-center\" data-align=\"center\">60 cm<\/td><td class=\"has-text-align-center\" data-align=\"center\">0,05 mm<\/td><td class=\"has-text-align-center\" data-align=\"center\">1.400 kg<\/td><\/tr><tr><td class=\"has-text-align-center\" data-align=\"center\">40 litros<\/td><td class=\"has-text-align-center\" data-align=\"center\">60 cm<\/td><td class=\"has-text-align-center\" data-align=\"center\">65 cm<\/td><td class=\"has-text-align-center\" data-align=\"center\">0,05 mm<\/td><td class=\"has-text-align-center\" data-align=\"center\">2.100 kg<\/td><\/tr><tr><td class=\"has-text-align-center\" data-align=\"center\">60 Litros<\/td><td class=\"has-text-align-center\" data-align=\"center\">70 cm <\/td><td class=\"has-text-align-center\" data-align=\"center\">80 cm<\/td><td class=\"has-text-align-center\" data-align=\"center\">0,06 mm<\/td><td class=\"has-text-align-center\" data-align=\"center\">3.000 kg<\/td><\/tr><tr><td class=\"has-text-align-center\" data-align=\"center\">100 Litros<\/td><td class=\"has-text-align-center\" data-align=\"center\">75 cm<\/td><td class=\"has-text-align-center\" data-align=\"center\">90 cm<\/td><td class=\"has-text-align-center\" data-align=\"center\">0,07 mm<\/td><td class=\"has-text-align-center\" data-align=\"center\">5.000 kg<\/td><\/tr><tr><td class=\"has-text-align-center\" data-align=\"center\">100 Litros (Boca Larga)<\/td><td class=\"has-text-align-center\" data-align=\"center\">90 cm<\/td><td class=\"has-text-align-center\" data-align=\"center\">95 cm<\/td><td class=\"has-text-align-center\" data-align=\"center\">0,07 mm<\/td><td class=\"has-text-align-center\" data-align=\"center\">6.000 kg<\/td><\/tr><tr><td class=\"has-text-align-center\" data-align=\"center\">200 Litros<\/td><td class=\"has-text-align-center\" data-align=\"center\">90 cm<\/td><td class=\"has-text-align-center\" data-align=\"center\">120 cm<\/td><td class=\"has-text-align-center\" data-align=\"center\">0,07 mm<\/td><td class=\"has-text-align-center\" data-align=\"center\">7.500 kg<\/td><\/tr><\/tbody><\/table><\/figure>\n\n\n\n<p class=\"has-text-align-center has-neve-link-color-color has-text-color\">Podendo sofrer varia\u00e7\u00f5es em medidas e pesos para mais ou para menos devido ao processo de fabrica\u00e7\u00e3o.<\/p>\n\n\n\n<h3 class=\"has-text-align-center has-neve-link-color-color has-text-color\">Sacos para Lixo Comum P100<\/h3>\n\n\n\n<p class=\"has-text-align-center has-neve-link-color-color has-text-color\">Sacos para lixo sanfonado nas laterais, de uso comercial, residencial e escrit\u00f3rio, fabricado em polietileno reciclado em cores variados, Sacos para lixo sanfonado nas laterais, de uso comercial e industrial com alta resist\u00eancia, fabricado em polietileno reciclado em cores variados, pacotes com 5 Kg quantidade vari\u00e1vel conforme tamanho. Padr\u00e3o preto (somente na cor preta).<\/p>\n\n\n\n<figure class=\"wp-block-table is-style-stripes\"><table class=\"has-neve-link-color-color has-text-color has-fixed-layout\"><tbody><tr><td class=\"has-text-align-center\" data-align=\"center\"><strong>Litragem<\/strong><\/td><td class=\"has-text-align-center\" data-align=\"center\"><strong>Largura<\/strong><br>(Boca Aberta)<\/td><td class=\"has-text-align-center\" data-align=\"center\"><strong>Altura<\/strong><br>(Cm)<\/td><td class=\"has-text-align-center\" data-align=\"center\"><strong>Espessura<\/strong><br>(mm\/m\u00e9dia)<\/td><td class=\"has-text-align-center\" data-align=\"center\"><strong>Quantidade Aproximada<\/strong><br>(Pacote 5 kg)<\/td><\/tr><tr><td class=\"has-text-align-center\" data-align=\"center\">20 Litros<\/td><td class=\"has-text-align-center\" data-align=\"center\">50 cm<\/td><td class=\"has-text-align-center\" data-align=\"center\">60 cm<\/td><td class=\"has-text-align-center\" data-align=\"center\">0,12 mm<\/td><td class=\"has-text-align-center\" data-align=\"center\">171 Unidades<\/td><\/tr><tr><td class=\"has-text-align-center\" data-align=\"center\">40 Litros<\/td><td class=\"has-text-align-center\" data-align=\"center\">70 cm<\/td><td class=\"has-text-align-center\" data-align=\"center\">70 cm<\/td><td class=\"has-text-align-center\" data-align=\"center\">0,13 mm<\/td><td class=\"has-text-align-center\" data-align=\"center\">108 Unidades<\/td><\/tr><tr><td class=\"has-text-align-center\" data-align=\"center\">60 Litros<\/td><td class=\"has-text-align-center\" data-align=\"center\">70 cm<\/td><td class=\"has-text-align-center\" data-align=\"center\">85 cm<\/td><td class=\"has-text-align-center\" data-align=\"center\">0,15 mm<\/td><td class=\"has-text-align-center\" data-align=\"center\">67 Unidades<\/td><\/tr><tr><td class=\"has-text-align-center\" data-align=\"center\">100 Litros<\/td><td class=\"has-text-align-center\" data-align=\"center\">95 cm<\/td><td class=\"has-text-align-center\" data-align=\"center\">105 cm<\/td><td class=\"has-text-align-center\" data-align=\"center\">0,15 mm<\/td><td class=\"has-text-align-center\" data-align=\"center\">40 Unidades<\/td><\/tr><tr><td class=\"has-text-align-center\" data-align=\"center\">200 Litros<\/td><td class=\"has-text-align-center\" data-align=\"center\">95 cm<\/td><td class=\"has-text-align-center\" data-align=\"center\">120 cm<\/td><td class=\"has-text-align-center\" data-align=\"center\">0,16 mm<\/td><td class=\"has-text-align-center\" data-align=\"center\">32 Unidades<\/td><\/tr><\/tbody><\/table><\/figure>\n\n\n\n<p class=\"has-text-align-center has-neve-link-color-color has-text-color\">Podendo sofrer varia\u00e7\u00f5es em medidas e pesos para mais ou para menos devido ao processo de fabrica\u00e7\u00e3o.<\/p>\n<\/div><\/div>\n<\/div><\/div>\n\n\n\n<p><\/p>\n","protected":false},"excerpt":{"rendered":"","protected":false},"author":1,"featured_media":0,"parent":0,"menu_order":0,"comment_status":"closed","ping_status":"closed","template":"","meta":{"neve_meta_sidebar":"full-width","neve_meta_container":"","neve_meta_enable_content_width":"on","neve_meta_content_width":100,"neve_meta_title_alignment":"","neve_meta_author_avatar":"","neve_post_elements_order":"","neve_meta_disable_header":"","neve_meta_disable_footer":"","neve_meta_disable_title":"on","_ti_tpc_template_sync":false,"_ti_tpc_template_id":"t3x60x1arljpehhy6mr6"},"_links":{"self":[{"href":"https:\/\/fattoembalagens.com\/index.php\/wp-json\/wp\/v2\/pages\/69"}],"collection":[{"href":"https:\/\/fattoembalagens.com\/index.php\/wp-json\/wp\/v2\/pages"}],"about":[{"href":"https:\/\/fattoembalagens.com\/index.php\/wp-json\/wp\/v2\/types\/page"}],"author":[{"embeddable":true,"href":"https:\/\/fattoembalagens.com\/index.php\/wp-json\/wp\/v2\/users\/1"}],"replies":[{"embeddable":true,"href":"https:\/\/fattoembalagens.com\/index.php\/wp-json\/wp\/v2\/comments?post=69"}],"version-history":[{"count":9,"href":"https:\/\/fattoembalagens.com\/index.php\/wp-json\/wp\/v2\/pages\/69\/revisions"}],"predecessor-version":[{"id":313,"href":"https:\/\/fattoembalagens.com\/index.php\/wp-json\/wp\/v2\/pages\/69\/revisions\/313"}],"wp:attachment":[{"href":"https:\/\/fattoembalagens.com\/index.php\/wp-json\/wp\/v2\/media?parent=69"}],"curies":[{"name":"wp","href":"https:\/\/api.w.org\/{rel}","templated":true}]}}